alse
Is 1599 a multiple of 49?
False
Is 98 a factor of 5749366?
True
Is 635 a factor of 559698?
False
Does 9 divide 140253?
False
Does 20 divide 3316245?
False
Is 2227 a factor of 22316798?
False
Is 1971619 a multiple of 37?
True
Does 12 divide 112883?
False
Is 39 a factor of 548379?
True
Is 61 a factor of 730280?
False
Is 22 a factor of 1983267?
False
Is 92782 a multiple of 266?
False
Is 408 a factor of 9009864?
True
Is 19 a factor of 438197?
True
Does 84 divide 38329?
False
Is 4418150 a multiple of 725?
True
Is 5278 a multiple of 4?
False
Is 8208605 a multiple of 864?
False
Is 2853 a multiple of 2?
False
Is 60043 a multiple of 33?
False
Is 854025 a multiple of 4?
False
Does 32 divide 71614?
False
Does 95 divide 8809?
False
Is 275925 a multiple of 283?
True
Is 1553838 a multiple of 8?
False
Is 154 a factor of 534842?
True
Is 61 a factor of 66765?
False
Is 164591 a multiple of 104?
False
Does 68 divide 469746?
False
Is 7 a factor of 1281?
True
Is 681 a factor of 268995?
True
Is 297980 a multiple of 47?
True
Is 1506616 a multiple of 21?
False
Does 12 divide 2174400?
True
Is 66 a factor of 8580?
True
Is 64 a factor of 35840?
True
Is 480 a factor of 1598924?
False
Is 142 a factor of 515563?
False
Is 2822376 a multiple of 18?
False
Is 5 a factor of 39476?
False
Is 222 a factor of 5772?
True
Does 5 divide 44110?
True
Does 7 divide 31094?
True
Is 24 a factor of 698784?
True
Is 6 a factor of 50852?
False
Does 794 divide 8216259?
False
Does 56 divide 209489?
False
Is 43029 a multiple of 10?
False
Is 9 a factor of 54406?
False
Does 54 divide 99032?
False
Does 92 divide 136581?
False
Does 3 divide 53930?
False
Is 373680 a multiple of 120?
True
Is 23 a factor of 73232?
True
Is 6132632 a multiple of 8?
True
Is 3 a factor of 13198?
False
Is 84 a factor of 282038?
False
Is 28 a factor of 23243791?
False
Does 505 divide 2630040?
True
Is 663760 a multiple of 20?
True
Is 125275 a multiple of 145?
False
Is 8139 even?
False
Is 24083152 a multiple of 296?
True
Is 22 a factor of 209880?
True
Is 7663 a multiple of 50?
False
Is 942564 a multiple of 14?
True
Is 1361464 a multiple of 10?
False
Is 204 a factor of 3593345?
False
Is 817267 a multiple of 11?
True
Does 440 divide 363021?
False
Is 221104 a multiple of 104?
True
Is 383130 a multiple of 30?
True
Is 144449 a multiple of 131?
False
Does 13 divide 431484?
False
Is 1216167 a multiple of 3?
True
Does 65 divide 1039194?
False
Is 1547527 a multiple of 29?
True
Does 170 divide 2194190?
True
Is 8 a factor of 21203?
False
Does 262 divide 353865?
False
Is 1325 a factor of 9774525?
True
Is 19 a factor of 2047022?
True
Is 1890798 a multiple of 1184?
False
Does 128 divide 2372714?
False
Does 13 divide 179559?
False
Is 5 a factor of 177872?
False
Does 112 divide 31625159?
False
Is 2401706 a multiple of 218?
True
Is 192854 a multiple of 422?
True
Is 366 a factor of 17437847?
False
Is 210 a factor of 7682850?
True
Is 137 a factor of 22879?
True
Is 16 a factor of 262800?
True
Is 9 a factor of 25686?
True
Does 441 divide 229388?
False
Is 656472 a multiple of 204?
True
Does 53 divide 192867?
True
Does 125 divide 303526?
False
Is 12954722 a multiple of 11?
True
Does 15 divide 1428150?
True
Does 38 divide 37213?
False
Is 277 a factor of 2364195?
True
Is 8 a factor of 466194?
False
Is 17162730 a multiple of 90?
True
Is 189132 a multiple of 9?
False
Does 16 divide 8496800?
True
Does 278 divide 5312366?
False
Is 59154 a multiple of 7?
False
Is 5621 a multiple of 2?
False
Is 97 a factor of 228935?
False
Is 30498 a multiple of 37?
False
Is 3049749 a multiple of 21?
False
Is 824594 a multiple of 71?
True
Does 87 divide 1175109?
True
Is 15 a factor of 15827445?
True
Does 14 divide 76786?
False
Does 345 divide 899327?
False
Does 10 divide 497212?
False
Is 46 a factor of 3518540?
True
Does 661 divide 860824?
False
Is 1287144 a multiple of 76?
False
Is 15 a factor of 73530?
True
Is 1802884 a multiple of 17?
True
Does 21 divide 68502?
True
Is 2103530 a multiple of 51?
False
Is 21 a factor of 1178436?
True
Is 129958 even?
True
Is 242734 a multiple of 9?
False
Does 1034 divide 1403138?
True
Is 1142 a factor of 31078933?
False
Is 257 a factor of 1081199?
True
Is 13 a factor of 292782?
False
Is 125020 a multiple of 235?
True
Does 19 divide 626107?
True
Does 29 divide 35909?
False
Is 30009 a multiple of 3?
True
Does 872 divide 2087937?
False
Is 869 a factor of 22726675?
False
Does 43 divide 135497?
False
Does 216 divide 2557357?
False
Is 73062 a multiple of 37?
False
Is 309 a factor of 313944?
True
Does 99 divide 18183726?
True
Does 9 divide 593051?
False
Does 119 divide 124355?
True
Is 23 a factor of 14191000?
True
Is 327 a factor of 290049?
True
Is 197 a factor of 248811?
True
Is 705429 a multiple of 7?
False
Is 39847 even?
False
Is 1201379 a multiple of 99?
False
Is 20625 a multiple of 11?
True
Is 331860 a multiple of 60?
True
Is 707341 a multiple of 3?
False
Is 16 a factor of 46752?
True
Is 644052 a multiple of 27?
False
Is 83952 a multiple of 22?
True
Is 6753054 a multiple of 282?
True
Is 28674 a multiple of 2?
True
Is 1631476 a multiple of 154?
True
Is 76 a factor of 645049?
False
Does 117 divide 165133?
False
Does 7 divide 2268?
True
Is 21413004 a multiple of 19?
False
Does 32 divide 26301244?
False
Is 6 a factor of 223029?
False
Is 10 a factor of 1802295?
False
Does 103 divide 743248?
True
Is 430629 a multiple of 23?
True
Does 90 divide 58140?
True
Does 27 divide 353454?
False
Does 2 divide 9486?
True
Is 7 a factor of 52726?
False
Does 130 divide 57590?
True
Is 308788 a multiple of 206?
False
Is 34 a factor of 102374?
True
Does 30 divide 98190?
True
Is 96347 a multiple of 71?
True
Is 13 a factor of 238810?
True
Is 103320 a multiple of 18?
True
Is 41 a factor of 25522336?
True
Is 75488 a multiple of 68?
False
Is 154441 a multiple of 181?
False
Does 246 divide 9348?
True
Is 54065 a multiple of 5?
True
Is 69097 a multiple of 15?
False
Is 843 a factor of 6382353?
True
Is 120204 a multiple of 371?
True
Is 1807111 a multiple of 59?
True
Is 18760 a multiple of 136?
False
Is 1735105 a multiple of 149?
True
Is 3106887 a multiple of 76?
False
Is 8 a factor of 1272?
True
Is 8476523 a multiple of 21?
False
Does 59 divide 162545?
True
Is 7 a factor of 26889?
False
Is 226 a factor of 94425?
False
Does 35 divide 105385?
True
Is 4 a factor of 977129?
False
Is 326 a factor of 857462?
False
Is 137733 a multiple of 10?
False
Is 2592720 a multiple of 48?
True
Does 13 divide 31655?
True
Is 4095402 a multiple of 77?
False
Does 59 divide 77118?
False
Is 27922 a multiple of 27?
False
Does 6 divide 207916?
False
Is 759322 a multiple of 23?
True
Does 34 divide 3860860?
False
Does 68 divide 3264?
True
Does 3 divide 8082?
True
Does 4 divide 1214760?
True
Is 11 a factor of 5140?
False
Is 12 a factor of 16404?
True
Does 1526 divide 21869247?
False
Is 22 a factor of 3261448?
False
Is 18 a factor of 1207970?
False
Does 14 divide 142906?
False
Is 2611001 a multiple of 9?
False
Is 17 a factor of 1279318?
True
Does 38 divide 172626?
False
Is 19 a factor of 21318?
True
Is 25 a factor of 11325?
True
Is 2700339 a multiple of 221?
False
Does 8 divide 5960377?
False
Does 5 divide 982407?
False
Is 404688 a multiple of 107?
False
Is 38171 a multiple of 41?
True
Is 5742454 a multiple of 58?
False
Is 1843878 a multiple of 87?
True
Is 158 a factor of 35866?
True
Is 6 a factor of 312545?
False
Is 47 a factor of 29854353?
True
Is 14 a factor of 143052?
True
Is 25 a factor of 4587700?
True
Is 264665 a multiple of 736?
False
Does 8 divide 200?
True
Is 409 a factor of 1506756?
True
Is 315144 a multiple of 12?
True
Does 901 divide 697394?
False
Does 872 divide 9477768?
True
Is 8 a factor of 246008?
True
Is 638389 a multiple of 786?
False
Is 136054 a multiple of 105?
False
Does 56 divide 564984?
True
Does 20 divide 101032?
False
Is 299181 a multiple of 15?
False
Is 4020835 a multiple of 65?
True
Does 19 divide 65911?
True
Does 17 divide 735606?
False
Is 4232246 a multiple of 37?
False
Does 236 divide 1521844?
False
Is 629090 a multiple of 5?
True
Is 1188160 a multiple of 16?
True
Does 280 divide 8243480?
True
Does 155 divide 356267?
False
Does 14 divide 7245196?
True
Is 798833 a multiple of 973?
True
Does 1424 divide 2018955?
False
Is 233629 a multiple of 17?
False
Is 1079715 a multip